{"id":8,"date":"2019-02-23T17:49:50","date_gmt":"2019-02-23T16:49:50","guid":{"rendered":"http:\/\/www.car-avan.fr\/wordpress\/?page_id=8"},"modified":"2022-03-10T02:42:08","modified_gmt":"2022-03-10T01:42:08","slug":"enseignement","status":"publish","type":"page","link":"https:\/\/www.car-avan.fr\/?page_id=8","title":{"rendered":"Enseignement"},"content":{"rendered":"<h1><span style=\"color: #ff6600; font-family: Gadugi;\">\u00a0<\/span><\/h1>\n<h1><span style=\"color: #ff0000; font-family: Gadugi;\"><b><span style=\"color: #ff6600;\">EN MILIEU SCOLAIRE<\/span><br \/>\n<\/b><\/span><\/h1>\n<h1><b><span style=\"color: #000000;\">1-DANSE ET TH\u00c9\u00c2TRE<\/span> <\/b><\/h1>\n<p><span style=\"font-family: Gadugi, sans-serif;\">Les artistes de la <em>C<\/em>ie<em> C<\/em>ar\u2019Avan ont toujours eu la volont\u00e9 et le d\u00e9sir d\u2019associer \u00e0 leur travail de cr\u00e9ateurs et d\u2019interpr\u00e8tes, celui d<strong>\u2019enseigner leur art et de contribuer \u00e0 un \u00e9veil \u00e0 la pratique artistique en milieu scolaire.<\/strong><\/span><\/p>\n<p><span style=\"font-family: Gadugi, sans-serif;\">Les artistes, en \u00e9troite concertation avec les enseignants, con\u00e7oivent et r\u00e9alisent des actions p\u00e9dagogiques et artistiques, notamment <strong>la r\u00e9alisation de spectacles<\/strong>.<\/span><\/p>\n<p><img loading=\"lazy\" decoding=\"async\" src=\"https:\/\/www.car-avan.fr\/images\/enseignements\/dessin2.jpg\" alt=\"\" width=\"250\" height=\"172\" border=\"2\" \/><\/p>\n<h1><span style=\"color: #ff6600;\">ACTIONS MENEES PAR LA COMPAGNIE<\/span><\/h1>\n<ul>\n<li><span style=\"font-family: Gadugi, sans-serif; color: #000000;\">2000\u00a0:\u00a0\u00ab<strong>\u00a0Les 4 Saisons\u00a0<\/strong>\u00bb spectacle de danse pour l\u2019\u00e9cole maternelle de St Eloy de Gy (Cher)<\/span><\/li>\n<li><span style=\"font-family: Gadugi, sans-serif; color: #000000;\">2001\u00a0:\u00a0\u00ab\u00a0Une graine\u2026la vie\u00a0!\u00a0\u00bb Com\u00e9die musicale en milieu scolaire (primaires et coll\u00e8ges de la Ville de Bourges, Cher) sur le th\u00e8me de l<strong>\u2019environnement et de sa pr\u00e9servation, d\u2019apr\u00e8s une histoire invent\u00e9e par les enfants<\/strong>. <\/span><\/li>\n<li><span style=\"font-family: Gadugi, sans-serif; color: #000000;\">2003\u00a0:\u00a0\u00ab\u00a0Dansons l\u2019\u00e9cole\u00a0\u00bb PAC \u00e0 l\u2019\u00e9cole primaire de Gron (Yonne). Un spectacle qui raconte<strong> la vie des \u00e9coliers, largement structur\u00e9 \u00e0 partir des observations recueillies aupr\u00e8s des enfants.<\/strong> <\/span><\/li>\n<li><span style=\"font-family: Gadugi, sans-serif; color: #000000;\">2004\u00a0:\u00a0Adaptation danse et th\u00e9\u00e2tre du Conte \u00ab\u00a0 <strong>Le Magicien des Couleurs<\/strong>\u00a0\u00bb \u00e9cole maternelle \u00e0 Ducos (Martinique).<\/span><\/li>\n<li><span style=\"font-family: Gadugi, sans-serif; color: #000000;\">2008\u00a0: Adaptation danse et th\u00e9\u00e2tre du conte\u00a0:\u00a0\u00ab<strong>\u00a0L\u2019\u00e9norme Rutabaga<\/strong>\u00a0\u00bb en rapport avec le th\u00e8me de l\u2019ann\u00e9e \u00ab<strong>\u00a0le jardin<\/strong>\u00a0\u00bb, \u00e9cole maternelle et primaire de Vignoux sous les Aix (Cher).<\/span><\/li>\n<li><span style=\"font-family: Gadugi, sans-serif; color: #000000;\">2009\u00a0: Adaptation danse et th\u00e9\u00e2tre du<strong> conte\u00a0\u00a0\u00ab\u00a0Rat des Villes, Rat des Champs\u00a0\u00bb<\/strong> , \u00e9cole maternelle et primaire de Pigny<\/span><\/li>\n<li><span style=\"font-family: Gadugi, sans-serif; color: #000000;\">2009\u00a0: R\u00e9alisation d\u2019un spectacle de danse et th\u00e9\u00e2tre sur le th\u00e8me\u00a0\u00a0<strong>\u00ab\u00a0les Etapes de la Vie\u00a0\u00bb<\/strong> \u00e0 l\u2019\u00e9cole maternelle et primaire du RPI Ach\u00e8res-Mery es Bois (Cher). Repris en 2010 \u00e0 l\u2019\u00e9cole maternelle et primaire de Pigny(18) ainsi qu\u2019\u00e0 celle de la Chapelle d\u2019Angillon(18)<a style=\"color: #000000;\" href=\"https:\/\/www.car-avan.fr\/wordpress\/wp-content\/uploads\/2015\/05\/Saluts-Mery-es-Bois.jpg\"><img loading=\"lazy\" decoding=\"async\" class=\"size-medium wp-image-200 alignleft\" src=\"https:\/\/www.car-avan.fr\/wordpress\/wp-content\/uploads\/2015\/05\/Saluts-Mery-es-Bois-300x225.jpg\" alt=\"\" width=\"300\" height=\"225\" srcset=\"https:\/\/www.car-avan.fr\/wordpress\/wp-content\/uploads\/2015\/05\/Saluts-Mery-es-Bois-300x225.jpg 300w, https:\/\/www.car-avan.fr\/wordpress\/wp-content\/uploads\/2015\/05\/Saluts-Mery-es-Bois-768x576.jpg 768w, https:\/\/www.car-avan.fr\/wordpress\/wp-content\/uploads\/2015\/05\/Saluts-Mery-es-Bois-1024x768.jpg 1024w\" sizes=\"(max-width: 300px) 100vw, 300px\" \/><\/a><\/span><\/li>\n<li><span style=\"font-family: Gadugi, sans-serif; color: #000000;\">2010: R\u00e9alisation d\u2019un spectacle danse et th\u00e9\u00e2tre sur le th\u00e8me du<strong> \u00ab\u00a0Cirque\u00a0\u00bb<\/strong> \u00e0 l\u2019\u00e9cole maternelle et primaire de Vignoux sous les Aix (18)<\/span><\/li>\n<li><span style=\"font-family: Gadugi, sans-serif; color: #000000;\">2013 : R\u00e9alisation d\u2019un spectacle danse et th\u00e9\u00e2tre sur le th\u00e8me du<strong> \u00abJardin de r\u00eave\u00bb<\/strong> \u00e0 l\u2019\u00e9cole maternelle de Saint-Martin d\u2019Auxigny (18).<\/span><\/li>\n<li><span style=\"font-family: Gadugi, sans-serif; color: #000000;\">2016 : R\u00e9alisation d\u2019un spectacle danse et th\u00e9\u00e2tre sur le th\u00e8me des <strong>\u00ab Emotions \u00bb<\/strong> \u00e0 l\u2019\u00e9cole \u00e9l\u00e9mentaire de Croix-Rivail -Lamentin\/ Martinique <\/span><\/li>\n<li><span style=\"font-family: Gadugi, sans-serif; color: #000000;\">2018: Mise en sc\u00e8ne de<strong> \u00ab Femme d\u2019antan, femme de maintenant \u00bb<\/strong> avec des 3\u00e8mes du Coll\u00e8ge de Saint-esprit donn\u00e9 en repr\u00e9sentation au Th\u00e9\u00e2tre Aim\u00e9 C\u00e9saire (Martinique). <\/span><\/li>\n<li><span style=\"font-family: Gadugi, sans-serif; color: #000000;\">2019\u00a0: R\u00e9alisation d\u2019un spectacle en cor\u00e9alisation avec AMI \u2013 conte, th\u00e9\u00e2tre et musique \u2013 sur le th\u00e8me de<strong> \u00ab La protection de l\u2019environnement\u00bb<\/strong> \u2013 Ecole maternelle et primaire de l\u2019\u00e9cole priv\u00e9e Redoute (Fort de France) <\/span><\/li>\n<li><span style=\"font-family: Gadugi, sans-serif; color: #000000;\">De 2019 \u00e0 2022 : \u00ab<strong> Lekol\u2019art<\/strong> \u00bb avec l\u2019Office de la Culture du Lamentin \u2013 Ateliers th\u00e9\u00e2tre dans 11 \u00e9coles du Lamentin (classes de CE2 et CM1)<\/span><\/li>\n<li><span style=\"font-family: Gadugi, sans-serif; color: #000000;\">2020-2022 :<strong> Atelier Th\u00e9\u00e2tre \u2013 Enfants<\/strong> \/ Foyer rural Sarrault-Duchesne \u2013 Le Lamentin<\/span><\/li>\n<li><span style=\"font-family: Gadugi, sans-serif; color: #000000;\">2022:<strong> Atelier Th\u00e9\u00e2tre \u2013 Adolescents<\/strong>&#8211; Coll\u00e8ge Castendet \u2013 Fort de France<\/span><\/li>\n<li><span style=\"font-family: Gadugi, sans-serif; color: #000000;\">2022: <span style=\"font-size: medium;\">\u00ab<strong> PARCOURS INITIATIQUE AUX ARTS VIVANTS<\/strong> \u00bb en partenariat avec Korz\u00e9mo (Coproducteur)\/ Une journ\u00e9e de th\u00e9\u00e2tre dans ma classe (s<\/span>pectacle +\u00e9change + atelier th\u00e9\u00e2tre + restitution)<\/span><\/li>\n<\/ul>\n<hr \/>\n<h1><span style=\"color: #000000;\"><strong>2-CONTE<\/strong><\/span><\/h1>\n<h2 style=\"text-align: justify;\"><strong>\u00ab\u00a0Conteurs en herbe\u00a0\u00bb &#8211; Raconter, imaginer et \u00e9crire un conte<\/strong><\/h2>\n<p style=\"text-align: justify;\">Jean l&rsquo;Oc\u00e9an et Laurence Couzinet interviennent dans les \u00e9coles pour initier les enfants \u00e0 l\u2019art du conte. L&rsquo;approche s&rsquo;articule autour de deux temps forts\u00a0:<\/p>\n<p style=\"text-align: justify; padding-left: 30px;\"><strong>1) l\u2019oralit\u00e9<\/strong><br \/>\nIl s&rsquo;agit d<strong>&lsquo;assister \u00e0 un spectacle de contes<\/strong> pr\u00e9sent\u00e9 par Jean l&rsquo;Oc\u00e9an.<br \/>\nEnsuite, en classe, les enfants lisent des contes et<strong> en s\u00e9lectionnent un pour qu&rsquo;il soit travaill\u00e9 avec l&rsquo;artiste en vue de le dire en public<\/strong> (f\u00eate d&rsquo;\u00e9cole, en avant-1\u00e8re de conteurs professionnels, \u2026).<\/p>\n<p style=\"text-align: justify; padding-left: 30px;\"><strong>2) l\u2019imagination et l\u2019\u00e9criture<\/strong><\/p>\n<p style=\"text-align: left; padding-left: 30px;\">Les enfants sont sollicit\u00e9s, sous la direction de Laurence Couzinet-Letchimy, pour <strong>imaginer et \u00e9crire un conte<\/strong> collectif qui sera ensuite<strong> illustr\u00e9 et mis en page<\/strong> en classe. Le travail est finalis\u00e9 sous forme d\u2019un <strong>livre-recueil<\/strong> que les enfants peuvent garder ou offrir.<\/p>\n<p><a href=\"https:\/\/www.car-avan.fr\/wordpress\/wp-content\/uploads\/2015\/05\/page-1-couverture-cartonn\u00e9e.jpg\"><img loading=\"lazy\" decoding=\"async\" class=\"size-medium wp-image-204 alignleft\" src=\"https:\/\/www.car-avan.fr\/wordpress\/wp-content\/uploads\/2015\/05\/page-1-couverture-cartonn\u00e9e-212x300.jpg\" alt=\"\" width=\"212\" height=\"300\" srcset=\"https:\/\/www.car-avan.fr\/wordpress\/wp-content\/uploads\/2015\/05\/page-1-couverture-cartonn\u00e9e-212x300.jpg 212w, https:\/\/www.car-avan.fr\/wordpress\/wp-content\/uploads\/2015\/05\/page-1-couverture-cartonn\u00e9e-768x1086.jpg 768w, https:\/\/www.car-avan.fr\/wordpress\/wp-content\/uploads\/2015\/05\/page-1-couverture-cartonn\u00e9e-724x1024.jpg 724w\" sizes=\"(max-width: 212px) 100vw, 212px\" \/><\/a><a href=\"https:\/\/www.car-avan.fr\/wordpress\/wp-content\/uploads\/2015\/05\/Page-extraite-du-Livre-des-CE-La-Groutte.jpg\"><img loading=\"lazy\" decoding=\"async\" class=\"alignnone size-medium wp-image-203 alignright\" src=\"https:\/\/www.car-avan.fr\/wordpress\/wp-content\/uploads\/2015\/05\/Page-extraite-du-Livre-des-CE-La-Groutte-207x300.jpg\" alt=\"\" width=\"207\" height=\"300\" srcset=\"https:\/\/www.car-avan.fr\/wordpress\/wp-content\/uploads\/2015\/05\/Page-extraite-du-Livre-des-CE-La-Groutte-207x300.jpg 207w, https:\/\/www.car-avan.fr\/wordpress\/wp-content\/uploads\/2015\/05\/Page-extraite-du-Livre-des-CE-La-Groutte-768x1115.jpg 768w, https:\/\/www.car-avan.fr\/wordpress\/wp-content\/uploads\/2015\/05\/Page-extraite-du-Livre-des-CE-La-Groutte-706x1024.jpg 706w\" sizes=\"(max-width: 207px) 100vw, 207px\" \/><\/a><\/p>\n<p style=\"text-align: left; padding-left: 30px;\"><a href=\"https:\/\/www.car-avan.fr\/wordpress\/wp-content\/uploads\/2015\/05\/page-1-couverture-cartonn\u00e9e.jpg\">\u00a0<\/a><\/p>\n<p>&nbsp;<\/p>\n<p>&nbsp;<\/p>\n<p>&nbsp;<\/p>\n<p>&nbsp;<\/p>\n<p>&nbsp;<\/p>\n<p>&nbsp;<\/p>\n<p><span style=\"font-family: Gadugi, sans-serif; color: #000080;\"><b>Propos recueillis d\u2019enfants de l\u2019\u00e9cole primaire de Gron (Yonne) qui ont pr\u00e9sent\u00e9 \u00ab\u00a0Dansons l\u2019\u00e9cole\u00a0\u00bb le 21 janvier 2003 au Th\u00e9\u00e2tre Municipal de Sens<\/b><\/span><\/p>\n<p><span style=\"font-family: Gadugi, sans-serif; color: #000080;\"><b>La pr\u00e9paration du spectacle: Un dur travail<\/b><\/span><\/p>\n<p><span style=\"font-family: Gadugi, sans-serif;\">\u00ab\u00a0Nous avons trouv\u00e9 les dix s\u00e9ances de pr\u00e9paration avec Laurence et Thierry super g\u00e9niales. <\/span><\/p>\n<p><span style=\"font-family: Gadugi, sans-serif;\">A la premi\u00e8re, c\u2019\u00e9tait un peu le bazar, ce n\u2019\u00e9tait pas facile, mais apr\u00e8s, c\u2019\u00e9tait bien.<\/span><\/p>\n<p><span style=\"font-family: Gadugi, sans-serif;\">C\u2019\u00e9tait tr\u00e8s dur pour apprendre la chor\u00e9graphie, les gestes, comment se placer, comment se d\u00e9placer. A chaque fois, on rajoutait un petit bout de danse. Pour choisir les gestes de la danse, il ne fallait pas qu\u2019il n\u2019y en ait qu\u2019un qui soit d\u2019accord, et les autres non\u00a0!\u00a0\u00bb Kathleen Robin (cm2)<\/span><\/p>\n<p><span style=\"font-family: Gadugi, sans-serif;\">\u00ab\u00a0Pendant les s\u00e9ances de pr\u00e9paration et de r\u00e9p\u00e9tition, j\u2019ai pens\u00e9 que le spectacle allait \u00eatre rat\u00e9.\u00a0\u00bb Audrey Rivolier (cm2)<\/span><\/p>\n<p><span style=\"font-family: Gadugi, sans-serif;\">\u00ab\u00a0Celui qui m\u2019a fait rire le plus, c\u2019\u00e9tait Thibault, parce qu\u2019il voulait plein, plein\u2026Et quand il s\u2019est d\u00e9gonfl\u00e9, il a dit\u00a0:Eh oui\u00a0!\u00a0\u00bb Ludovic Voulminost (cm2)<\/span><\/p>\n<p><span style=\"font-family: Gadugi, sans-serif;\">L\u2019aide de professionnels<\/span><\/p>\n<p><span style=\"font-family: Gadugi, sans-serif;\">\u00ab\u00a0Laurence et Thierry nous ont bien aid\u00e9s. Ils nous faisaient r\u00e9p\u00e9ter plusieurs fois pour que l\u2019on comprenne bien. Ils avaient beaucoup de courage et \u00e9taient tr\u00e8s gentils avec nous. Ils avaient aussi beaucoup d\u2019id\u00e9es de mouvements et ils ont vraiment bien choisi. On a bien travaill\u00e9, mais s\u2019ils n\u2019avaient pas \u00e9t\u00e9 l\u00e0, on n\u2019aurait jamais fait le spectacle.<\/span><\/p>\n<p><span style=\"font-family: Gadugi, sans-serif;\">Apr\u00e8s les r\u00e9p\u00e9titions, si la danse a \u00e9t\u00e9 tr\u00e8s r\u00e9ussie, c\u2019est gr\u00e2ce \u00e0 eux.\u00a0\u00bb <\/span><\/p>\n<p><span style=\"font-family: Gadugi, sans-serif;\">\u00ab\u00a0Les danseurs qui nous ont aid\u00e9s, je ne peux rien dire sur eux\u00a0; je ne les connais pas\u00a0; je me suis content\u00e9 de faire ce qu\u2019il fallait et en gros, c\u2019\u00e9tait bien.\u00a0\u00bb Idriss Hassani (cm2)<\/span><\/p>\n<p><span style=\"font-family: Gadugi, sans-serif;\">\u00ab\u00a0Moi, ce que j\u2019ai bien aim\u00e9, c\u2019\u00e9tait vous, Laurence et Thierry\u00a0; vous \u00eatiez dr\u00f4les\u00a0!\u00a0\u00bb <\/span><\/p>\n<p><span style=\"font-family: Gadugi, sans-serif;\">Steven Fran\u00e7ois (cm2) <\/span><\/p>\n<p><span style=\"font-family: Gadugi, sans-serif;\">\u00ab\u00a0Quand tu m\u2019as choisi, Thierry, pour faire l\u2019amoureux qui devait prendre sa ch\u00e9rie entre ses mains, j\u2019ai cru que ce serait dur, mais ce n\u2019\u00e9tait pas difficile finalement de le faire.\u00a0\u00bb <\/span><\/p>\n<p><span style=\"font-family: Gadugi, sans-serif;\">Amine Fahym (cm2)<\/span><\/p>\n<p><span style=\"font-family: Gadugi, sans-serif;\">Vous avez dit bizarre<\/span><\/p>\n<p><span style=\"font-family: Gadugi, sans-serif;\">\u00ab\u00a0Les mouvements qu\u2019on a faits, je n\u2019appelle pas \u00e7a de la danse, mais plut\u00f4t du th\u00e9\u00e2tre\u00a0; et le th\u00e9\u00e2tre, ce n\u2019est pas de la danse\u00a0!\u00a0\u00bb Idriss Hassani (cm2)<\/span><\/p>\n<p><span style=\"font-family: Gadugi, sans-serif;\">\u00ab\u00a0La musique \u00e9tait sp\u00e9ciale\u00a0!\u00a0\u00bb J\u00e9r\u00e9my Damey (cm1)<\/span><\/p>\n<p><span style=\"font-family: Gadugi, sans-serif;\">\u00ab La musique qui \u00e9tait douce, c\u2019\u00e9tait bien.\u00a0\u00bb Steven Fran\u00e7ois (cm2)<\/span><\/p>\n<p><span style=\"font-family: Gadugi, sans-serif;\">\u00ab\u00a0Dans l\u2019histoire de Gr\u00e9gory et Marie, il y avait vraiment du plaisir, parce qu\u2019\u00e0 chaque fois qu\u2019elle avait un probl\u00e8me, il \u00e9tait l\u00e0 pour la consoler. Quand Marie a pleur\u00e9, il lui a emmen\u00e9 une couverture et a fait le clown pour la faire rire. J\u2019ai ador\u00e9 les mouvements qu\u2019ils faisaient\u00a0; on aurait dit qu\u2019il y avait un peu de magie\u00a0!\u00a0\u00bb Audrey Rivolier (cm2)<\/span><\/p>\n<p><span style=\"font-family: Gadugi, sans-serif; color: #000080;\"><b>Le spectacle,\u00a0le jour J\u2026 le soir S\u2026 l\u2019heure H\u2026\u00a0Comme des v\u00e9ritables artistes\u2026au th\u00e9\u00e2tre<\/b><\/span><\/p>\n<p><span style=\"font-family: Gadugi, sans-serif; color: #000080;\"><b>Avant le spectacle<\/b><\/span><\/p>\n<p><span style=\"font-family: Gadugi, sans-serif;\">\u00ab\u00a0Le jour du spectacle, on avait le trac et le soir, on sautait partout dans les loges.\u00a0\u00bb <\/span><\/p>\n<p><span style=\"font-family: Gadugi, sans-serif;\">Natacha Jeantet (cm1)<\/span><\/p>\n<p><span style=\"font-family: Gadugi, sans-serif;\">\u00ab\u00a0Quand c\u2019\u00e9tait le soir du grand jour, tout le monde avait peur, mais quand on est arriv\u00e9 sur sc\u00e8ne, \u00e7a allait mieux\u00a0; on savait que c\u2019\u00e9taient nos parents qui regardaient.\u00a0\u00bb <\/span><\/p>\n<p><span style=\"font-family: Gadugi, sans-serif;\">Ludovic Voulminost (cm2)<\/span><\/p>\n<p><span style=\"font-family: Gadugi, sans-serif;\">\u00ab\u00a0J\u2019ai eu encore plus le trac quand j\u2019ai vu les spectateurs, mais j\u2019ai quand-m\u00eame r\u00e9ussi.\u00a0\u00bb <\/span><\/p>\n<p><span style=\"font-family: Gadugi, sans-serif;\">Natacha Jeantet (cm1) <\/span><\/p>\n<p><span style=\"font-family: Gadugi, sans-serif;\">Pendant le spectacle<\/span><\/p>\n<p><span style=\"font-family: Gadugi, sans-serif;\">\u00ab\u00a0Je retiens la fin surtout, quand Audrey a enlev\u00e9 tous les petits du rideau\u00a0; c\u2019\u00e9tait inoubliable\u00a0! Quand on a ferm\u00e9 le rideau, c\u2019\u00e9tait dr\u00f4le\u00a0!\u00a0\u00bb Yoann Romaniw&amp;Nathalie Adam (cm1)<\/span><\/p>\n<p><span style=\"font-family: Gadugi, sans-serif;\">\u00ab\u00a0J\u2019ai fait au mieux pour le spectacle et m\u00eame les autres\u00a0!\u00a0\u00bbSteve Lef\u00e8vre (cm1)<\/span><\/p>\n<p><span style=\"font-family: Gadugi, sans-serif;\">\u00ab\u00a0Le spectacle \u00e9tait bien, mais ce n\u2019est pas pour moi\u00a0! J\u2019aime la musique et la danse qui bougent.\u00a0\u00bb Idriss Hassani (cm2)<\/span><\/p>\n<p><span style=\"font-family: Gadugi, sans-serif;\">\u00ab\u00a0Le soir, quand tous les autres \u00e9l\u00e8ves dansaient, j\u2019ai trouv\u00e9 \u00e7\u00e0 magnifique. Merci, merci, merci beaucoup\u00a0!\u00a0\u00bb Isis Perdriat (cm1)<\/span><\/p>\n<p><span style=\"font-family: Gadugi, sans-serif;\">\u00ab\u00a0Quand je suis mont\u00e9e sur sc\u00e8ne , j\u2019\u00e9tais press\u00e9e de partir dans les coulisses.\u00a0\u00bb <\/span><\/p>\n<p><span style=\"font-family: Gadugi, sans-serif;\">Rockia Doucour\u00e9 (cm1)<\/span><\/p>\n<p><span style=\"font-family: Gadugi, sans-serif; color: #000080;\"><b>Apr\u00e8s le spectacle<\/b><\/span><\/p>\n<p><span style=\"font-family: Gadugi, sans-serif;\">\u00ab\u00a0La preuve que c\u2019\u00e9tait bien, il y avait du monde\u00a0!\u00a0\u00bbJ\u00e9r\u00e9my Damey (cm1)<\/span><\/p>\n<p><span style=\"font-family: Gadugi, sans-serif;\">\u00ab\u00a0Le public \u00e9tait content de nous\u00a0; il savait bien qu\u2019il y avait du boulot\u00a0!\u00a0\u00bb Ludovic Voulminost (cm2)<\/span><\/p>\n<p><span style=\"font-family: Gadugi, sans-serif;\">\u00ab\u00a0Pendant le spectacle, le public rigolait\u00a0; \u00e7a veut dire que \u00e7a faisait rire\u00a0!\u00a0\u00bbIssa Bagayoko (cm2)<\/span><\/p>\n<p><span style=\"font-family: Gadugi, sans-serif;\">\u00ab\u00a0J\u2019\u00e9tais tr\u00e8s content quand le public m\u2019a applaudi.\u00a0\u00bb Amine Fahym (cm2)<\/span><\/p>\n<p><span style=\"font-family: Gadugi, sans-serif;\">\u00ab\u00a0Je n\u2019ai jamais vu un public si nombreux.\u00a0\u00bb Sarah Biron (cm1)<\/span><\/p>\n<p><span style=\"font-family: Gadugi, sans-serif;\">\u00ab\u00a0J\u2019\u00e9tais tr\u00e8s \u00e9mu\u2026tous ces gens qui nous regardaient\u00a0!\u00a0\u00bb Steve Fran\u00e7ois (cm2)<\/span><\/p>\n<p><span style=\"font-family: Gadugi, sans-serif;\">\u00ab\u00a0Presque tous les gens que j\u2019ai vus \u00e0 la sortie ont dit que c\u2019\u00e9tait super\u00a0!\u00a0\u00bb Sarah Biron (cm1)<\/span><\/p>\n<p><span style=\"font-family: Gadugi, sans-serif;\">\u00ab\u00a0Le spectacle m\u2019a plu\u00a0; j\u2019ai cru que le public nous lancerait des tomates ou nous crierait\u00a0: ouh,ouh,ouh,ouh\u00a0!\u00a0\u00bbSofian Isma\u00efli (cm1)<\/span><\/p>\n<p><span style=\"font-family: Gadugi, sans-serif;\">\u00ab\u00a0J\u2019aimerais bien refaire un autre spectacle.\u00a0\u00bbAudrey Rivolier (cm2)<\/span><\/p>\n<p><span style=\"font-family: Gadugi, sans-serif;\">\u00ab\u00a0J\u2019\u00e9tais tr\u00e8s press\u00e9e de faire le spectacle.Je crois que j\u2019ai v\u00e9cu le plus beau spectacle de toute ma vie. J\u2019\u00e9tais tr\u00e8s tr\u00e8s contente de voir plein de parents. Au d\u00e9but, j\u2019avais un peu peur, mais apr\u00e8s, j\u2019ai pens\u00e9 qu\u2019il y avait plein de gens. Alors j\u2019ai fait du mieux que je pouvais. Ce soir l\u00e0, j\u2019ai sorti tout ce que j\u2019avais dans mon c\u0153ur.\u00a0\u00bb Chlo\u00e9 (ce2)<\/span><\/p>\n<p><span style=\"font-family: Gadugi, sans-serif;\">\u00ab\u00a0Ch\u00e8re Laurence, cher Thierry<\/span><\/p>\n<p><span style=\"font-family: Gadugi, sans-serif;\">J\u2019ai eu un peu le trac, mais c\u2019est pass\u00e9. J\u2019aimais bien tous les mouvements que vous nous avez appris. C\u2019est dommage qu\u2019on ne se reverra jamais. Quand je danserai \u00e0 la maison ou autre part, je penserai \u00e0 vous au fond de mon c\u0153ur. Merci pour tout ce que vous avez fait.\u00a0\u00bb Marion (ce2)<\/span><\/p>\n<p style=\"padding-left: 30px;\">\n","protected":false},"excerpt":{"rendered":"<p>\u00a0 EN MILIEU SCOLAIRE 1-DANSE ET TH\u00c9\u00c2TRE Les artistes de la Cie Car\u2019Avan ont toujours eu la volont\u00e9 et le d\u00e9sir d\u2019associer \u00e0 leur travail de cr\u00e9ateurs et d\u2019interpr\u00e8tes, celui d\u2019enseigner leur art et de contribuer \u00e0 un \u00e9veil \u00e0 &hellip; <a href=\"https:\/\/www.car-avan.fr\/?page_id=8\">Continuer la lecture <span class=\"meta-nav\">&rarr;<\/span><\/a><\/p>\n","protected":false},"author":1,"featured_media":0,"parent":0,"menu_order":0,"comment_status":"open","ping_status":"open","template":"","meta":{"footnotes":""},"_links":{"self":[{"href":"https:\/\/www.car-avan.fr\/index.php?rest_route=\/wp\/v2\/pages\/8"}],"collection":[{"href":"https:\/\/www.car-avan.fr\/index.php?rest_route=\/wp\/v2\/pages"}],"about":[{"href":"https:\/\/www.car-avan.fr\/index.php?rest_route=\/wp\/v2\/types\/page"}],"author":[{"embeddable":true,"href":"https:\/\/www.car-avan.fr\/index.php?rest_route=\/wp\/v2\/users\/1"}],"replies":[{"embeddable":true,"href":"https:\/\/www.car-avan.fr\/index.php?rest_route=%2Fwp%2Fv2%2Fcomments&post=8"}],"version-history":[{"count":24,"href":"https:\/\/www.car-avan.fr\/index.php?rest_route=\/wp\/v2\/pages\/8\/revisions"}],"predecessor-version":[{"id":1167,"href":"https:\/\/www.car-avan.fr\/index.php?rest_route=\/wp\/v2\/pages\/8\/revisions\/1167"}],"wp:attachment":[{"href":"https:\/\/www.car-avan.fr\/index.php?rest_route=%2Fwp%2Fv2%2Fmedia&parent=8"}],"curies":[{"name":"wp","href":"https:\/\/api.w.org\/{rel}","templated":true}]}}